{"version":"1.0","provider_name":"K\u00fcl\u00f6nc Kir\u00e1lyl\u00e1ny","provider_url":"https:\/\/kulonc.cafeblog.hu","author_name":"kisdoro","author_url":"https:\/\/kulonc.cafeblog.hu\/author\/kisdoro\/","title":"Egy\u00e9l finomat, \u00e9s ments \u00e9letet!","html":"<p>J\u00f3t\u00e9konys\u00e1gi f\u0151z\u00e9s a 4. Debrecziner Gourmet Fesztiv\u00e1l vas\u00e1rnapi napj\u00e1n!<\/p>\r\n<p><a href=\"https:\/\/kulonc.cafeblog.hu\/files\/2019\/06\/62243624_373631193270220_3799976747542249472_n.jpg\"><img class=\"aligncenter size-full wp-image-4123\" src=\"https:\/\/kulonc.cafeblog.hu\/files\/2019\/06\/62243624_373631193270220_3799976747542249472_n.jpg\" alt=\"\" width=\"960\" height=\"770\" \/><\/a><br \/><!--more-->A h\u00e9tv\u00e9g\u00e9n megrendez\u00e9sre ker\u00fcl\u0151 Gourmet fesztiv\u00e1l szervez\u0151i \u00e9s az Enni mentem bloggere, P\u00e1lfalvi Barbi egy hatalmas j\u00f3t\u00e9konys\u00e1gi akci\u00f3t hozott \u00f6ssze.\u00a0<\/p>\r\n<p>Egy\u00e9l finomat, \u00e9s Seg\u00edts TE IS a leuk\u00e9mi\u00e1ban szenved\u0151 kis h\u0151s\u00f6k\u00f6n, hogy nagyobb es\u00e9ly\u00fck legyen legy\u0151zni ezt a borzalmas betegs\u00e9get! <br \/><br \/>Akik \u00f6sszefogtak \u00e9s f\u0151znek egy j\u00f3t, amivel seg\u00edtenek a Leuk\u00e9mi\u00e1s Gyermekek\u00e9rt Alap\u00edtv\u00e1nyon:\u00a0<br \/><br \/>\u2022P\u00e1lfalvi Barbi-\u201cEnni Mentem!\u201d\u00a0<br \/>\u2022A Debrecziner Gourmet Fesztiv\u00e0l szervez\u0151i<br \/>\u2022Szendrei Bence, S\u00e8f<br \/>\u2022Bog\u00e1r M\u00e1rk, S\u00e1rr\u00e9ti Chili Farm<br \/>\u2022Baromfiudvar Kft - Akinek az alapanyagokat k\u00f6sz\u00f6nhetj\u00fck!\u00a0<br \/>\u2022P\u00e9kh\u00e0z Kft- Akinek a 200 darab kov\u00e1szos bagettet k\u00f6sz\u00f6nhetj\u00fck!\u00a0<br \/>\u2022Pann\u00f3nia Kincse<br \/>\u2022Szindb\u00e1d az utaz\u00f3<br \/>\u2022Demeter \u00c9va, Eve\u2019s Bouquet vir\u00e1g\u00fczlet\u00a0<br \/>\u2022T\u00edm\u00e0r Vir\u00e1g, N\u00e9meti Istv\u00e1n- Egoist Barclub<br \/>\u2022Jeremi\u00e1s Dominik<br \/><br \/><br \/>Mivel k\u00e9sz\u00fclnek?\u00a0<br \/><br \/>Oml\u00f3s marhanyelv szendvics, kov\u00e1szos bagett, petrezselyem peszt\u00f3, kov\u00e1szolt egres.<br \/><br \/>Habk\u00f6nny\u0171 zabgr\u00edz, eper, bazsalikom, mandula. (Lakt\u00f3z, \u00e9s glut\u00e9nmentes)<br \/><br \/>200 adag szendviccsel, 50 adag desszerttel k\u00e9sz\u00fclnek a szervez\u0151k, a kit\u0171z\u00f6tt c\u00e9l, hogy minimum 300.000 Forintot gy\u0171jtsenek \u00f6ssze.\u00a0<\/p>\r\n<p>A nemes kezdem\u00e9nyez\u00e9shez b\u00e1rki csatlakozhat felaj\u00e1nl\u00e1sokkal!\u00a0<br \/><br \/><br \/><br \/>Ha ismersz valakit, vagy \u00e9ppen te is sz\u00edvesen csatlakozn\u00e1l az akci\u00f3nkhoz, szeretettel l\u00e1tj\u00e1k a szervez\u0151k! Minden kis seg\u00edts\u00e9g j\u00f3l j\u00f6n! <br \/><br \/>Ha nem tudsz r\u00e9szt venni az esem\u00e9nyen, de szeretn\u00e9l felaj\u00e1nl\u00e1st tenni, l\u00e9pj kapcsolatba: P\u00e1lfalvi Barbival, ennimentem@gmail.com<\/p>\r\n<p>&nbsp;<\/p>\r\n<p>Az esem\u00e9ny Facebook oldala:\u00a0<a href=\"https:\/\/www.facebook.com\/events\/322878271946498\/\" target=\"_blank\" rel=\"noopener\">https:\/\/www.facebook.com\/events\/322878271946498\/<\/a><\/p>","type":"rich","thumbnail_url":"https:\/\/kulonc.cafeblog.hu\/files\/2019\/06\/62243624_373631193270220_3799976747542249472_n-150x150.jpg","thumbnail_width":150,"thumbnail_height":150}

Különc Királylány

Egyél finomat, és ments életet!

<p>Jótékonysági főzés a 4. Debrecziner Gourmet Fesztivál vasárnapi napján!</p>
<p><a href="https://kulonc.cafeblog.hu/files/2019/06/62243624_373631193270220_3799976747542249472_n.jpg"><img class="aligncenter size-full wp-image-4123" src="https://kulonc.cafeblog.hu/files/2019/06/62243624_373631193270220_3799976747542249472_n.jpg" alt="" width="960" height="770" /></a><br /><!--more-->A hétvégén megrendezésre kerülő Gourmet fesztivál szervezői és az Enni mentem bloggere, Pálfalvi Barbi egy hatalmas jótékonysági akciót hozott össze. </p>
<p>Egyél finomat, és Segíts TE IS a leukémiában szenvedő kis hősökön, hogy nagyobb esélyük legyen legyőzni ezt a borzalmas betegséget! <br /><br />Akik összefogtak és főznek egy jót, amivel segítenek a Leukémiás Gyermekekért Alapítványon: <br /><br />•Pálfalvi Barbi-“Enni Mentem!” <br />•A Debrecziner Gourmet Fesztivàl szervezői<br />•Szendrei Bence, Sèf<br />•Bogár Márk, Sárréti Chili Farm<br />•Baromfiudvar Kft - Akinek az alapanyagokat köszönhetjük! <br />•Pékhàz Kft- Akinek a 200 darab kovászos bagettet köszönhetjük! <br />•Pannónia Kincse<br />•Szindbád az utazó<br />•Demeter Éva, Eve’s Bouquet virágüzlet <br />•Tímàr Virág, Németi István- Egoist Barclub<br />•Jeremiás Dominik<br /><br /><br />Mivel készülnek? <br /><br />Omlós marhanyelv szendvics, kovászos bagett, petrezselyem pesztó, kovászolt egres.<br /><br />Habkönnyű zabgríz, eper, bazsalikom, mandula. (Laktóz, és gluténmentes)<br /><br />200 adag szendviccsel, 50 adag desszerttel készülnek a szervezők, a kitűzött cél, hogy minimum 300.000 Forintot gyűjtsenek össze. </p>
<p>A nemes kezdeményezéshez bárki csatlakozhat felajánlásokkal! <br /><br /><br /><br />Ha ismersz valakit, vagy éppen te is szívesen csatlakoznál az akciónkhoz, szeretettel látják a szervezők! Minden kis segítség jól jön! <br /><br />Ha nem tudsz részt venni az eseményen, de szeretnél felajánlást tenni, lépj kapcsolatba: Pálfalvi Barbival, ennimentem@gmail.com</p>
<p>&nbsp;</p>
<p>Az esemény Facebook oldala: <a href="https://www.facebook.com/events/322878271946498/" target="_blank" rel="noopener">https://www.facebook.com/events/322878271946498/</a></p>
